 612. What is the highest common factor of c and i?
42
Let a(z) = -z + 10. Let x be a(7). Suppose -7*j - 90 = -2*j. Let b be (j + -54)*2/(-6). What is the greatest common factor of b and x?
3
Let c be (-4 - (-44)/12)*-3. Let n be (-30)/(-5) - (c + -34). What is the highest common divisor of 169 and n?
13
Let v = 11804 - 11782. Calculate the highest common factor of v and 22462.
22
Suppose 5*c = 5*r + 710, 0*c - 4*r - 272 = -2*c. What is the highest common factor of c and 111?
37
Let l(k) = k**3 + 41*k**2 + 404*k - 84. Let a be l(-19). Let p be (-122)/(-18) + (-4)/(-18). Calculate the greatest common factor of p and a.
7
Suppose -111 = 44*t - 7*t. Let u be (-2 - t)*27*1. What is the highest common divisor of 6 and u?
3
Let u be (3 - 5) + (34 - 2). Suppose 26*x - u*x + 88 = 0. What is the highest common factor of x and 198?
22
Let k be 1359/27 - 2/6. Let s = 210 - 135. Calculate the greatest common factor of s and k.
25
Suppose -353*a + 3559 = 735. Let l(f) = 393*f**3 - 1. Let u be l(1). What is the greatest common divisor of a and u?
8
Let g(v) = -2*v**2 - 20*v + 10. Let t be g(-6). Suppose 5*d + t - 378 = 0. Calculate the greatest common factor of d and 160.
32
Let d(v) = v**2 - 9*v + 26. Let s be d(-6). Let c be -5*(-8)/60*18. Calculate the highest common factor of c and s.
4
Suppose -16*a + 15795 = 29*a. Let r be (-4)/12*(-4 + -113). Calculate the greatest common divisor of a and r.
39
Let i(z) = 15*z - 163. Let y be i(11). Suppose 2 + 38 = y*o + p, -o = -3*p - 13. Calculate the highest common divisor of 361 and o.
19
Let a be 3 - 2 - -4 - 18. Let h(i) = i**2 + 20*i + 112. Let b be h(a). What is the greatest common factor of b and 84?
21
Let h be (-86 - (-3 - -6))*(-7 + 8). Let r = -77 - h. Let u(p) = 5*p - 1. Let o be u(2). What is the highest common factor of r and o?
3
Let v = 4823 - 4546. Calculate the highest common divisor of v and 8033.
277
Suppose 2*k - 14*h + 17*h = 180, -2*h - 4 = 0. Calculate the highest common factor of k and 39.
3
Let c be 3 - (-2)/(-1 - 1). Let w(h) = 4*h**2 - 3. Let q be w(c). Let s(z) = -134*z - 99. Let u be s(-2). What is the greatest common divisor of u and q?
13
Let u = 218 + -141. Let c = -74 + u. Suppose 5*t - 4*f - 583 = 0, 0*f = c*t - 3*f - 348. What is the highest common factor of 7 and t?
7
Let a be (16/(-12))/(2/21). Let s be 7/(a/6)*-5. Let p be 2/5 + 174/s. Calculate the highest common factor of 96 and p.
12
Let m = -894 + 1034. Calculate the highest common factor of 1232 and m.
28
Suppose -65 = -6*s + 49. Let m(y) be the first derivative of 5*y**2/2 + 41*y - 32. Let j be m(s). What is the highest common divisor of 17 and j?
17
Let o(l) = -l**2 - 12*l + 31. Let w be o(-14). Suppose -3*x = -4*d - 128, -2*x - w*d = d - 112. What is the greatest common divisor of x and 24?
24
Let k(a) = 2*a**3 - 5*a**2 - 8. Let o be k(5). Let z = -89 + o. Calculate the highest common divisor of 364 and z.
28
Suppose 0*f + 5*s = -3*f + 68, -2*f = -5*s - 87. Suppose 6*y - 352 - 1322 = 0. Calculate the highest common divisor of y and f.
31
Let o(t) = 3*t**3 - t**2 - 5*t + 6. Let b be o(2). Suppose q - 5*k + 10 = 0, -2*k + b = 2*q - 0. What is the greatest common factor of 80 and q?
5
Let a(g) = -10*g**2 - 6*g + 7. Let o be a(2). Let m = o + 45. Suppose m = -5*k + 217 + 113. What is the greatest common divisor of 33 and k?
33
Suppose -2*l + 46 = -4*n, -8*l + 4*l + 2*n + 50 = 0. What is the greatest common divisor of 5391 and l?
9
Let b(t) = 138*t - 3693. Let d be b(36). Calculate the highest common factor of d and 595.
85
Suppose 0 = 5*w + 2*b - 672, -5*w + 5*b = 469 - 1134. Calculate the greatest common factor of 8174 and w.
134
Suppose 0*u = -3*u - 3*x + 582, 0 = -u - 2*x + 192. What is the greatest common divisor of 868 and u?
28
Let n be ((-96)/(-168))/(1*3/21). Let c be (-1462)/(-18) - n/18. What is the highest common factor of 9 and c?
9
Suppose -292 = -w - 14*w + 1688. What is the highest common divisor of 18678 and w?
66
Let y(f) = 6*f**2 + 11*f - 35. Let z be y(2). Calculate the greatest common divisor of z and 605.
11
Let i be -12*1/((-24)/(-1184)). Let s = 622 + i. What is the greatest common divisor of s and 660?
30
Suppose -170*q = -4*w - 167*q + 6274, -4*w + 6244 = 2*q. Calculate the greatest common factor of w and 136.
68
Let n be (-114)/(-10) + (-18)/(-30). Suppose -10*w = -n*w + 4. Let t be 4/(-5)*20/(-2 + 1). Calculate the highest common factor of w and t.
2
Let h = 13 + -2. Suppose -2*c = -159 + 107. Suppose 0 = -c*z + 23*z + 264. What is the highest common divisor of z and h?
11
Let x = -7 - -7. Suppose -2*o - 4*v + 0*v = -230, 2*o + v - 230 = x. Let r be (-10 + (-352)/(-40))/((-6)/230). Calculate the highest common divisor of r and o.
23
Let t(n) = 13*n**2 - 41*n + 195. Let y be t(-29). What is the highest common divisor of y and 226?
113
Let d = 4239 - 4134. What is the greatest common factor of d and 6405?
105
Let s(y) = -17*y**3 - 7*y**2 - 18*y - 12. Let u be s(-1). Let z be 6/15 - (-594)/15. What is the highest common divisor of z and u?
8
Let m be 8 + ((-4)/(-6) - (-830)/15). What is the greatest common factor of m and 136?
8
Let w = 273 + -271. Suppose 2*c + 13 = -5*g + 182, w*g + 3*c = 72. Let r be -1*1/1*-33. Calculate the greatest common divisor of r and g.
33
Let o = 622 + -423. Let y be 1*(o - -3) + 2. What is the greatest common factor of y and 12?
12
Let r = 119 + -122. Let f be 111/(-9) - 3 - (-2)/r. Let p be (8/f)/(1/(-60)). What is the highest common divisor of 18 and p?
6
Let a(c) = 35*c**2 - 52*c + 3. Let j be a(4). Suppose 22 = 4*g - 2. Suppose 0 = -g*s + j - 67. What is the highest common divisor of s and 12?
12
Suppose 4*a - 5 + 1 = 0. Suppose -g + 9 = 2*g, -3*y + 3*g + 24 = 0. Suppose -3*d - 8 = -y. What is the greatest common factor of d and a?
1
Let q(m) = -268*m - 2670. Let y be q(-10). What is the greatest common factor of 13190 and y?
10
Suppose 2543 - 23039 = -122*z. Suppose -2*b = 4*v - 1636 - 1380, 3*b = -12. What is the greatest common factor of z and v?
84
Let z(q) = 2*q + 93. Let a(m) = -9*m + 18. Let t be a(2). Let l be z(t). Calculate the greatest common divisor of 155 and l.
31
Suppose 14*v - 20*v = -24. Suppose v*s + 59 - 111 = 0. Calculate the highest common divisor of s and 494.
13
Let p = -15345 + 16873. What is the greatest common factor of 32 and p?
8
Let l(o) = o**3 + 5*o**2 + 9*o + 2. Let y be l(-7). Let w = 174 + y. What is the greatest common factor of w and 120?
15
Suppose 22*o - v = 17*o + 196, -119 = -3*o + 2*v. What is the greatest common divisor of 4628 and o?
13
Suppose 0 = -2*k - 2759*o + 2761*o + 322, -k = -4*o - 182. Let l = 18 - -38. What is the greatest common factor of l and k?
14
Suppose -2*h = 4*s + 3*h + 20, 0 = 2*s + 5*h + 20. Suppose -3*g = s, 4*l - 2*g = -g + 112. What is the highest common divisor of l and 112?
28
Let w = 1045 - 245. Suppose 3*s + 7*s = w. Suppose 0 = 5*c - f - 124 - s, -5*f + 100 = 3*c. Calculate the highest common divisor of 320 and c.
40
Suppose 0 = -2*v + 5*m + 19, 124*v - 16 = 119*v + 2*m. Calculate the greatest common factor of v and 25.
1
Let i = 14 - 3. Let l = -175 + 183. Suppose -k + 4 = 0, k + 26 = 2*z + l. Calculate the highest common divisor of z and i.
11
Suppose 0 = -2*n + 3*m + 75, -128*m + 130*m = 14. Calculate the greatest common factor of 6792 and n.
24
Let o(w) = -2*w**3 + 13*w**2 - 6*w - 3. Let x be o(6). Let y be 302 + x + 6 + 1. What is the greatest common factor of y and 68?
34
Suppose 2*r - 8 = -o, 2*o = -r - 0 + 10. Suppose -3*x - o*l = -6, 3*x + 14 = 3*l + 41. What is the highest common factor of 24 and x?
6
Suppose v + 3*v = 5*n + 43636, 2*v = 2*n + 17456. Let o be n/(-60) - (-2)/(-5). Let t = 209 - o. Calculate the greatest common factor of t and 32.
32
Suppose -2*k = -3*h + 67418, 3*k = 3*h - k - 67426. Calculate the greatest common divisor of 210 and h.
210
Let o = 12 + -6. Suppose o*t + 4 = 7*t. What is the highest common factor of 32 and t?
4
Let u = 21877 - 21552. What is the highest common divisor of 1775 and u?
25
Suppose -71*u = 93*u - 25*u - 230045. What is the greatest common divisor of 45 and u?
5
Let l(r) = -47*r**3 + 3*r**2 + 2*r. Let p be l(-1). Let v be 4/6 + 304/p. Calculate the highest common factor of 56 and v.
7
Suppose 0*d - 4*d = 156. Suppose 7*s - 48 = 246. Let r =